g(t) be the second derivative of l(t). What is g(-1)?
-10
Let m(o) = o**2 + 4*o + 4. Suppose 3*s = b + b - 6, -3*b - s = 13. Let c(p) = 2*p**2 + 4*p + 4. Let k(w) = b*m(w) + 2*c(w). Determine k(4).
-4
Let s(f) = f + 6. Let u(g) = g**2 + g + 5. Let k(p) = -5*s(p) + 6*u(p). Let v(w) = w - 4. Let t be v(5). Let a = 0 + t. Calculate k(a).
7
Let y(q) be the first derivative of -q**5/120 + 5*q**3/3 + 1. Let f(d) be the third derivative of y(d). Give f(-5).
5
Let u = -4 + 7. Suppose b + 2*k - 1 = 0, b = -u*k - 0*k + 3. Let f be -3*((-8)/b - 2). Let w(q) = 5*q + 2. What is w(f)?
-8
Let o(z) = -z**3 + 9*z**2 + z - 2. Let v be o(9). Let s(m) = m**3 - 8*m**2 + 6*m + 3. Give s(v).
-4
Let d(w) = -w**3 - 2*w**2 + 3*w + 4. Let q(m) = m**3 + 2*m**2 - 2*m - 3. Let c(k) = -3*d(k) - 4*q(k). Let a be (6/(-12)*2)/(1/2). Determine c(a).
2
Let q(w) = 4*w**2 + 2*w - 1. Let z be (22/88)/((-2)/(-8)). Calculate q(z).
5
Let n(x) = 30*x + 24*x - 53*x. What is n(-2)?
-2
Let s be ((-3)/2)/(2/(-4)). Suppose -1 = s*a - 7. Let o(n) = n + a*n + n. Determine o(3).
12
Suppose -2*k + 2*y = -y + 6, 9 = -k + 3*y. Let f be (k - (-3 + 6))/(-2). Let u(b) = -b - 11. What is u(f)?
-11
Let z(x) = -13 + 2*x**2 + 3*x + 29 + x**3 - 15. Calculate z(-2).
-5
Let o = -3 - -8. Let c(h) be the first derivative of 5/2*h**2 + 1/4*h**4 + 0*h - 2*h**3 + 2. Determine c(o).
0
Let x = -115 - -110. Let p(w) = -w - 6. Give p(x).
-1
Let b(s) = s - 9. Let r(g) = 1. Let o(m) = -b(m) - 6*r(m). Let x(j) = -j + 5. Let v(h) = 7*o(h) - 4*x(h). What is v(-1)?
4
Let f(n) = 2*n + 6. Let w be 42/9*21/(-14). What is f(w)?
-8
Let g(q) = 5*q**2 + 0*q**2 + 2*q + 2*q + q**3. Let t be (4 + -16 - -6)*2/4. Calculate g(t).
6
Let c(x) = x**3 + x**2 - 4*x + 3. Let b(a) be the second derivative of -a**4/12 + 7*a**3/6 + 5*a**2 + 2*a. Let p be b(8). Determine c(p).
7
Let m(i) = i**3 + 13*i**2 - 3*i - 33. Let h be m(-13). Let y(b) = -2*b + b**2 + b - 5*b. Give y(h).
0
Let d(i) = 0*i + 5*i - 2*i + 0*i. Calculate d(2).
6
Let k = -1 + 5. Let u(v) be the third derivative of v**7/2520 - v**6/360 - v**5/24 + v**4/6 - 3*v**2. Let s(n) be the second derivative of u(n). What is s(k)?
3
Let p(x) = x**3 + 6*x**2 - 8*x + 3. Let m(g) = -2*g**3 - 13*g**2 + 17*g - 7. Let u(l) = -2*m(l) - 5*p(l). Give u(-5).
-6
Let m(c) = -3*c**2 + 7*c. Let h(v) = v**2 - 3*v + 1. Let i(r) = 5*h(r) + 2*m(r). Calculate i(-4).
-7
Let z(y) = y - 19. Let c be z(16). Let s(q) = -q**3 - 4*q**2 - 5*q - 4. What is s(c)?
2
Let y(q) = -35*q + 81*q - 45*q - 10. Give y(0).
-10
Let i(b) = -3*b - 22. Let k(c) = 2*c + 11. Let d(o) = 3*i(o) + 5*k(o). Give d(8).
-3
Let j(w) = -w**2 + w + 2. Suppose 0 = -4*o + 4 + 12. Suppose -3*y = -4*p - 11 + 28, -5*p - 2*y = -o. Determine j(p).
0
Let i(k) = 3 + k**2 - 5 - 3 - 5*k + 7. What is i(3)?
-4
Let c(l) = -3*l**2 - l - 4. Let u(m) = -2*m**2 - 2*m - 3. Let y(d) = 3*c(d) - 4*u(d). Give y(6).
-6
Let t(n) = -n + 3*n + 4*n**2 - 4*n + 2 - 8*n**2. Give t(2).
-18
Let c(s) = s**2 - 14*s + 1. Suppose -3*q = q - 56. Let j be c(q). Let l(a) = -7*a**3 + a**2 - 1. Calculate l(j).
-7
Let j(s) be the second derivative of s**5/20 - s**4/3 + s**3/3 + s**2/2 + 5*s. Suppose 3*r = -5*n + 23, 2*r = -3*r - 3*n + 33. Suppose v = -2*v + r. Give j(v).
-3
Suppose -3*d = -0*d. Let x(s) be the third derivative of 0*s**3 + 0 + s**2 + d*s + 1/120*s**6 - 1/60*s**5 + 1/12*s**4. Determine x(2).
8
Suppose 5*o = -0*o + 30. Let u(s) = s + 2*s + 0*s - 1 + o. Give u(4).
17
Let z = -91 - -82. Suppose -g - 24 = 4*o, 5*o - 3*g + 8 = -22. Let x = z - o. Let l(n) = -2*n**2 - 5*n - 2. Give l(x).
-5
Let p(t) be the first derivative of -t**3/3 + 4*t**2 + t + 14. Give p(7).
8
Let f(q) = -q + 14. Let z be f(8). Suppose -z*p - 6 = -3*p. Let v(u) = u**3 + 3*u**2 + 2*u - 2. What is v(p)?
-2
Let p(u) = 10*u**2 + u + 5*u**2 + u**2 + 1. Let s = 11 - 12. What is p(s)?
16
Let o(a) = -9*a**3 - 10*a**2 - 8*a - 8. Let k(g) = -5*g**3 - 5*g**2 - 4*g - 4. Let z = 6 + -10. Let j(s) = z*o(s) + 7*k(s). What is j(-4)?
4
Let a(w) be the first derivative of -w**3/3 - 5*w**2/2 + 8*w + 14. What is a(-7)?
-6
Let k(j) be the third derivative of 5*j**2 + 1/60*j**5 + 1/60*j**6 - 1/24*j**4 + 1/3*j**3 + 0 + 0*j. Determine k(-2).
-8
Let m(b) be the first derivative of b**6/360 - b**5/24 + b**4/12 + 4*b**3/3 + 1. Let x(l) be the third derivative of m(l). Give x(2).
-4
Let f(b) be the second derivative of -b**7/2520 + b**6/180 + 7*b**5/120 + b**4/6 + 2*b. Let s(q) be the third derivative of f(q). Calculate s(6).
-5
Let n = 7 + -5. Let a(m) = m + 4 - m**n - 7*m + 2. Calculate a(-6).
6
Let y(q) = q**2 + 2. Let k(j) = j**2 - j + 1. Let l(p) = 4*k(p) - 3*y(p). Calculate l(4).
-2
Let n(k) = -k + 1. Let c be 3 - ((1*-6 - -3) + 0). Calculate n(c).
-5
Suppose 6 = -2*y, 5*f - 4 = -0*y - 2*y. Let h(u) = -f + 26*u**2 + 1 + 3*u + 3 - 25*u**2. What is h(-3)?
2
Suppose 6*z + 0*z - 24 = 0. Let l(a) = -5*a - 4*a**3 - a**3 + 5*a**2 + 1 + 4*a**3. Give l(z).
-3
Let p(v) be the first derivative of -2*v**2 - v + 22. Let s be 3/(-6) - (-1)/(-2). Let h = 0 - s. Calculate p(h).
-5
Let a(z) = -z**3 + 2*z**2 - 2*z. Let x be 7*(9/(-3) - -1). Let q = -12 - x. Give a(q).
-4
Let a(t) = -t + 11. Let k be a(6). Suppose k*u = 4 + 6. Let q(c) = 6*c - 3. Give q(u).
9
Suppose 5*d - 7 - 13 = -5*n, -29 = -5*n + 4*d. Let t(v) = v**2 - 3*v - 7. Determine t(n).
3
Let o(f) = 2*f + 1. Let k(c) = -3*c - 11. Let a be k(-4). Calculate o(a).
3
Let z = -3 - -6. Suppose -z*s + 4 + 5 = 0. Let w(g) = -1 - s*g**2 - g**3 + g + 1 + 4*g**2. Give w(-1).
1
Let a(u) = 4*u**2 - 2*u + 5. Let f(d) = 11*d**2 - 7*d + 14. Let p(z) = 8*a(z) - 3*f(z). Let n = 13 + -13. Suppose 3*w - 3 - 9 = n. Determine p(w).
2
Let m(g) = g**2 - 7*g + 6. Let l(x) = x - 14. Let j be l(14). Suppose -5*n + 16 = -n - 3*s, j = -s. Give m(n).
-6
Let d(i) be the first derivative of 7*i**2/2 + 3*i - 1. Determine d(-2).
-11
Let n(a) = a**3 + 6*a**2 - a - 6. Suppose 4*f = -2*g - 4, -2*g - 3*f - 2*f = 2. What is n(g)?
0
Let t(i) be the second derivative of i**6/60 - i**5/60 - i**4/24 - i**3/6 - i**2 - i. Let q(h) be the first derivative of t(h). What is q(-1)?
-3
Suppose -2*w - 2 = -10. Let y(g) = -6*g**2 + 4*g - 10. Let k(l) = l**2 + 1. Let h(n) = -5*k(n) - y(n). Give h(w).
5
Let w be (-2 - 3)/(1*-1). Suppose 11 = 3*k + 5. Let j(l) = 27*l**k - 22*l**2 - 2 + 3 - l**3. What is j(w)?
1
Let o(t) = -t**2 + 5*t + 4. Let u be o(5). Suppose -5*f + u = -16. Let x(l) = -3*l + 6 + f*l + 0. Give x(-5).
1
Let a(v) = -6*v - 8 + 4 + 4 + v**2 + 2. Determine a(6).
2
Let c(h) = -2*h + 3. Let r be 0 - (0 - (1 - 0)). Let u(z) = 7*z**3 - 2*z**2 - 117*z + 118*z - 2*z**3. Let a be u(r). What is c(a)?
-5
Let i(n) = -n**3 - 5*n**2 + 6*n - 2. Let x = -29 - -23. Calculate i(x).
-2
Let x = 17 + -13. Let w(j) = j + 5 - x + 6 - 2. Give w(-5).
0
Let s = -128 - -123. Let l(c) = -7*c**3 - 4*c**2 + 5*c - 3. Let y(a) = 6*a**3 + 4*a**2 - 5*a + 2. Let z(i) = -5*l(i) - 6*y(i). Determine z(s).
3
Let t(k) = -4*k**2 - 6 + 2 + 4 - k. Calculate t(-2).
-14
Let w(o) = -o**2 - 11*o - 3. Suppose 0 = -4*n - 5*v - 35, -v = 3*n + 1 + 28. What is w(n)?
7
Let l(p) = p**3 - 4*p**2 + 3*p - 4. Let j be (-93)/(-33) - (-2)/11. What is l(j)?
-4
Let r(z) = 5*z + 4 + 1 - 4*z. Calculate r(-12).
-7
Let c(t) be the second derivative of -t**5/20 - t**4/12 + t**3/6 + 9*t**2/2 + t. Let w(d) = 9*d - 27. Let y be w(3). What is c(y)?
9
Let g(i) = 2*i + 8. Let p = 5 + 0. Let d(s) = s + 4. Let w(a) = p*d(a) - 2*g(a). What is w(-4)?
0
Suppose 2 = -4*p + 2*g, -p - 3*g + 6 = 3. Let o be 0 + (p - -2) + 2. Let f(t) = t**3 - 4*t**2 + 2*t + 1. Calculate f(o).
9
Let p(k) be the second derivative of 2*k**3/3 + k**2 - 18*k. Give p(6).
26
Let g(s) be the first derivative of 2*s**3 - 4*s + 4 + 1/4*s**4 + 3*s**2. Give g(-5).
-9
Suppose p + 3 = 4*a, a = -0*a - 4*p + 22. Let j(z) = -a*z + 2 - 6 + z**2 + 4*z - z. Give j(-3).
2
Suppose -25*u = -27*u + 12. Let y(f) = f**2 - 7*f + 7. Determine y(u).
1
Let h(y) = -y**3 + 8*y**2 - 8*y + 7. Let q be h(7). Suppose q = 3*v - v + 6. Let d(n) be the second derivative of -n**3/3 + 3*n**2/2 - n. Determine d(v).
9
Let b be (2 - 1 - -4)*1. Let y(u) = -4*u + 6 - 2*u + 5*u + 2*u. What is y(b)?
11
Let y(r) = 41*r - 10. Let t(v) = -594*v + 144. Let n(l) = 5*t(l) + 72*y(l). Give n(-1).
18
Suppose 4*a - 2*l + 30 = 0, -3*a = -4*l + 9*l + 3. Let z(o) = o + 4. Le